{"id":396,"date":"2024-08-25T23:27:42","date_gmt":"2024-08-25T22:27:42","guid":{"rendered":"https:\/\/cmcbaitboat.be\/?post_type=product&#038;p=396"},"modified":"2026-04-05T06:47:14","modified_gmt":"2026-04-05T05:47:14","slug":"radio-xr500-nouvelle-generation","status":"publish","type":"product","link":"https:\/\/cmcbaitboat.be\/?product=radio-xr500-nouvelle-generation","title":{"rendered":"Radio XR500 nouvelle g\u00e9n\u00e9ration"},"content":{"rendered":"<p><img decoding=\"async\" src=\"https:\/\/img.alicdn.com\/imgextra\/i3\/239672036\/O1CN01YVi6yT1QuXLwCYv3S_!!239672036.png\" alt=\"\" width=\"30\" height=\"30\" \/><span>\u00a0&#8211;\u00a0\u00a0<\/span><span>\u00c9chosondeur avanc\u00e9 avec image HD, palette de 8 couleurs pour la p\u00eache de jour et de nuit.<\/span><\/p>\n<p><img decoding=\"async\" src=\"https:\/\/img.alicdn.com\/imgextra\/i3\/239672036\/O1CN01EDhw7O1QuXM3N84Km_!!239672036.png\" alt=\"\" width=\"30\" height=\"30\" \/><span>\u00a0&#8211; Traceur d&rsquo;itin\u00e9raire avec informations de profondeur, l&rsquo;itin\u00e9raire peut \u00eatre recharg\u00e9 sous forme de carte 2D.<\/span><\/p>\n<p><strong><span>Pilote automatique<\/span><\/strong><\/p>\n<p><strong><img decoding=\"async\" src=\"https:\/\/img.alicdn.com\/imgextra\/i1\/239672036\/O1CN01lb1JTV1QuXM3Nkfby_!!239672036.png\" alt=\"\" width=\"30\" height=\"30\" \/>\u00a0<span>&#8211;\u00a0<\/span><\/strong><span>\u00a0Syst\u00e8me de pilotage automatique avec r\u00e9cepteur GNSS haute pr\u00e9cision de 10e g\u00e9n\u00e9ration.<\/span><\/p>\n<p><img loading=\"lazy\" decoding=\"async\" src=\"https:\/\/img.alicdn.com\/imgextra\/i3\/239672036\/O1CN01ghxIHO1QuXLzL6csS_!!239672036.png\" alt=\"\" width=\"30\" height=\"30\" \/><span>\u00a0&#8211; Compas c\u00f4t\u00e9 bateau et c\u00f4t\u00e9 portable, le cap du bateau est \u00e9galement indiqu\u00e9 \u00e0 l&rsquo;\u00e9tat stationnaire.<\/span><\/p>\n<p><img loading=\"lazy\" decoding=\"async\" src=\"https:\/\/img.alicdn.com\/imgextra\/i1\/239672036\/O1CN01B4wHvw1QuXLzfikW2_!!239672036.png\" alt=\"\" width=\"30\" height=\"30\" \/><span>\u00a0&#8211; 5 spots favoris peuvent \u00eatre d\u00e9finis parmi 100 waypoints enregistr\u00e9s.<\/span><\/p>\n<p><img loading=\"lazy\" decoding=\"async\" src=\"https:\/\/img.alicdn.com\/imgextra\/i2\/239672036\/O1CN01HH4bV01QuXM2oH0Te_!!239672036.png\" alt=\"\" width=\"30\" height=\"30\" \/><span>\u00a0&#8211; Cliquez sur le joystick pour s\u00e9lectionner un point sur la carte et d\u00e9marrer le pilote automatique.<\/span><\/p>\n<p><strong><span>Contr\u00f4le du bateau<\/span><\/strong><\/p>\n<p><img loading=\"lazy\" decoding=\"async\" src=\"https:\/\/img.alicdn.com\/imgextra\/i4\/239672036\/O1CN017xdZn61QuXM1vJb0o_!!239672036.png\" alt=\"\" width=\"30\" height=\"30\" \/><span>\u00a0&#8211; Prend en charge jusqu&rsquo;\u00e0 8 canaux de t\u00e9l\u00e9commande.<\/span><\/p>\n<p><img loading=\"lazy\" decoding=\"async\" src=\"https:\/\/img.alicdn.com\/imgextra\/i1\/239672036\/O1CN01y1ou551QuXM27BahM_!!239672036.png\" alt=\"\" width=\"30\" height=\"30\" \/><span>\u00a0&#8211; Fonction d&rsquo;arriv\u00e9e silencieuse pour \u00e9liminer le bruit lorsque le bateau s&rsquo;approche du spot.<\/span><\/p>\n<p><img loading=\"lazy\" decoding=\"async\" src=\"https:\/\/img.alicdn.com\/imgextra\/i2\/239672036\/O1CN01yN8se41QuXLyyUTBZ_!!239672036.png\" alt=\"\" width=\"30\" height=\"30\" \/><span>\u00a0&#8211; Mode CCS pour lib\u00e9rer votre main, un bouton pour activer le syst\u00e8me de r\u00e9gulateur de vitesse, le bateau roule toujours en ligne droite.<\/span><\/p>\n<p><img loading=\"lazy\" decoding=\"async\" src=\"https:\/\/img.alicdn.com\/imgextra\/i2\/239672036\/O1CN01cA2ZPc1QuXLzoQ2IS_!!239672036.png\" alt=\"\" width=\"30\" height=\"30\" \/><span>\u00a0&#8211; Actions d&rsquo;arriv\u00e9e : peut \u00eatre configur\u00e9 pour lib\u00e9rer la bo\u00eete \u00e0 app\u00e2ts, l&rsquo;hame\u00e7on, la lumi\u00e8re apr\u00e8s l&rsquo;arriv\u00e9e du bateau \u00e0 la cible.<\/span><\/p>\n<p><img loading=\"lazy\" decoding=\"async\" src=\"https:\/\/img.alicdn.com\/imgextra\/i3\/239672036\/O1CN01TYmFIY1QuXLx9t9FN_!!239672036.png\" alt=\"\" width=\"30\" height=\"30\" \/><span>\u00a0&#8211; Fail-Safe : retour automatique au point HOME apr\u00e8s une perte de signal d&rsquo;une dur\u00e9e de 20 s.<\/span><\/p>\n<p><strong><span>Autres<\/span><\/strong><\/p>\n<p><strong><span>\u00b7\u00a0<\/span><\/strong><span>\u00a0Le stockage sur carte SD prend en charge les param\u00e8tres d&rsquo;importation\/exportation, les points de cheminement et la mise \u00e0 niveau du logiciel.<\/span><\/p>\n<p><strong><span>\u00b7\u00a0<\/span><\/strong><span>\u00a0Prise en charge du fichier journal *.tslw, peut enregistrer toutes les informations du sonar et du GPS sur la carte SD.<\/span><\/p>\n<p><strong><span>\u00b7\u00a0<\/span><\/strong><span>\u00a0Prise en charge des fichiers Google kml.<\/span><img loading=\"lazy\" decoding=\"async\" class=\"alignnone size-medium wp-image-398\" src=\"https:\/\/cmcbaitboat.be\/wp-content\/uploads\/2024\/08\/shengnahuamian1wudise-300x300.png\" alt=\"\" width=\"300\" height=\"300\" srcset=\"https:\/\/cmcbaitboat.be\/wp-content\/uploads\/2024\/08\/shengnahuamian1wudise-300x300.png 300w, https:\/\/cmcbaitboat.be\/wp-content\/uploads\/2024\/08\/shengnahuamian1wudise-150x150.png 150w, https:\/\/cmcbaitboat.be\/wp-content\/uploads\/2024\/08\/shengnahuamian1wudise-768x768.png 768w, https:\/\/cmcbaitboat.be\/wp-content\/uploads\/2024\/08\/shengnahuamian1wudise-600x600.png 600w, https:\/\/cmcbaitboat.be\/wp-content\/uploads\/2024\/08\/shengnahuamian1wudise-100x100.png 100w, https:\/\/cmcbaitboat.be\/wp-content\/uploads\/2024\/08\/shengnahuamian1wudise.png 1000w\" sizes=\"(max-width: 300px) 100vw, 300px\" \/><\/p>\n","protected":false},"excerpt":{"rendered":"<p>\u00a0&#8211;\u00a0\u00a0\u00c9chosondeur avanc\u00e9 avec image HD, palette de 8 couleurs pour la p\u00eache de jour et de nuit. \u00a0&#8211; Traceur d&rsquo;itin\u00e9raire avec informations de profondeur, l&rsquo;itin\u00e9raire peut \u00eatre recharg\u00e9 sous forme de carte 2D. Pilote automatique \u00a0&#8211;\u00a0\u00a0Syst\u00e8me de pilotage automatique avec r\u00e9cepteur GNSS haute pr\u00e9cision de 10e g\u00e9n\u00e9ration. \u00a0&#8211; Compas c\u00f4t\u00e9 bateau et c\u00f4t\u00e9 portable, le [&hellip;]<\/p>\n","protected":false},"featured_media":397,"comment_status":"open","ping_status":"closed","template":"","meta":[],"product_brand":[],"product_cat":[16],"product_tag":[],"class_list":{"0":"post-396","1":"product","2":"type-product","3":"status-publish","4":"has-post-thumbnail","6":"product_cat-non-classe","8":"first","9":"onbackorder","10":"featured","11":"shipping-taxable","12":"purchasable","13":"product-type-simple"},"yoast_head":"<!-- This site is optimized with the Yoast SEO plugin v27.3 - https:\/\/yoast.com\/product\/yoast-seo-wordpress\/ -->\n<title>Radio XR500 nouvelle g\u00e9n\u00e9ration - CMC Bait Boat<\/title>\n<meta name=\"robots\" content=\"index, follow, max-snippet:-1, max-image-preview:large, max-video-preview:-1\" \/>\n<link rel=\"canonical\" href=\"https:\/\/cmcbaitboat.be\/?product=radio-xr500-nouvelle-generation\" \/>\n<meta property=\"og:locale\" content=\"fr_FR\" \/>\n<meta property=\"og:type\" content=\"article\" \/>\n<meta property=\"og:title\" content=\"Radio XR500 nouvelle g\u00e9n\u00e9ration - CMC Bait Boat\" \/>\n<meta property=\"og:description\" content=\"\u00a0&#8211;\u00a0\u00a0\u00c9chosondeur avanc\u00e9 avec image HD, palette de 8 couleurs pour la p\u00eache de jour et de nuit. \u00a0&#8211; Traceur d&rsquo;itin\u00e9raire avec informations de profondeur, l&rsquo;itin\u00e9raire peut \u00eatre recharg\u00e9 sous forme de carte 2D. Pilote automatique \u00a0&#8211;\u00a0\u00a0Syst\u00e8me de pilotage automatique avec r\u00e9cepteur GNSS haute pr\u00e9cision de 10e g\u00e9n\u00e9ration. \u00a0&#8211; Compas c\u00f4t\u00e9 bateau et c\u00f4t\u00e9 portable, le [&hellip;]\" \/>\n<meta property=\"og:url\" content=\"https:\/\/cmcbaitboat.be\/?product=radio-xr500-nouvelle-generation\" \/>\n<meta property=\"og:site_name\" content=\"CMC Bait Boat\" \/>\n<meta property=\"article:publisher\" content=\"https:\/\/www.facebook.com\/cmc.cmcbaitboat.9\" \/>\n<meta property=\"article:modified_time\" content=\"2026-04-05T05:47:14+00:00\" \/>\n<meta property=\"og:image\" content=\"https:\/\/cmcbaitboat.be\/wp-content\/uploads\/2024\/08\/shengnahuamian0wudise.png\" \/>\n\t<meta property=\"og:image:width\" content=\"1000\" \/>\n\t<meta property=\"og:image:height\" content=\"1000\" \/>\n\t<meta property=\"og:image:type\" content=\"image\/png\" \/>\n<meta name=\"twitter:card\" content=\"summary_large_image\" \/>\n<meta name=\"twitter:label1\" content=\"Dur\u00e9e de lecture estim\u00e9e\" \/>\n\t<meta name=\"twitter:data1\" content=\"4 minutes\" \/>\n<script type=\"application\/ld+json\" class=\"yoast-schema-graph\">{\"@context\":\"https:\\\/\\\/schema.org\",\"@graph\":[{\"@type\":\"WebPage\",\"@id\":\"https:\\\/\\\/cmcbaitboat.be\\\/?product=radio-xr500-nouvelle-generation\",\"url\":\"https:\\\/\\\/cmcbaitboat.be\\\/?product=radio-xr500-nouvelle-generation\",\"name\":\"Radio XR500 nouvelle g\u00e9n\u00e9ration - CMC Bait Boat\",\"isPartOf\":{\"@id\":\"https:\\\/\\\/cmcbaitboat.be\\\/#website\"},\"primaryImageOfPage\":{\"@id\":\"https:\\\/\\\/cmcbaitboat.be\\\/?product=radio-xr500-nouvelle-generation#primaryimage\"},\"image\":{\"@id\":\"https:\\\/\\\/cmcbaitboat.be\\\/?product=radio-xr500-nouvelle-generation#primaryimage\"},\"thumbnailUrl\":\"https:\\\/\\\/cmcbaitboat.be\\\/wp-content\\\/uploads\\\/2024\\\/08\\\/shengnahuamian0wudise.png\",\"datePublished\":\"2024-08-25T22:27:42+00:00\",\"dateModified\":\"2026-04-05T05:47:14+00:00\",\"breadcrumb\":{\"@id\":\"https:\\\/\\\/cmcbaitboat.be\\\/?product=radio-xr500-nouvelle-generation#breadcrumb\"},\"inLanguage\":\"fr-FR\",\"potentialAction\":[{\"@type\":\"ReadAction\",\"target\":[\"https:\\\/\\\/cmcbaitboat.be\\\/?product=radio-xr500-nouvelle-generation\"]}]},{\"@type\":\"ImageObject\",\"inLanguage\":\"fr-FR\",\"@id\":\"https:\\\/\\\/cmcbaitboat.be\\\/?product=radio-xr500-nouvelle-generation#primaryimage\",\"url\":\"https:\\\/\\\/cmcbaitboat.be\\\/wp-content\\\/uploads\\\/2024\\\/08\\\/shengnahuamian0wudise.png\",\"contentUrl\":\"https:\\\/\\\/cmcbaitboat.be\\\/wp-content\\\/uploads\\\/2024\\\/08\\\/shengnahuamian0wudise.png\",\"width\":1000,\"height\":1000},{\"@type\":\"BreadcrumbList\",\"@id\":\"https:\\\/\\\/cmcbaitboat.be\\\/?product=radio-xr500-nouvelle-generation#breadcrumb\",\"itemListElement\":[{\"@type\":\"ListItem\",\"position\":1,\"name\":\"Accueil\",\"item\":\"https:\\\/\\\/cmcbaitboat.be\\\/\"},{\"@type\":\"ListItem\",\"position\":2,\"name\":\"Boutique\",\"item\":\"https:\\\/\\\/cmcbaitboat.be\\\/?page_id=227\"},{\"@type\":\"ListItem\",\"position\":3,\"name\":\"Radio XR500 nouvelle g\u00e9n\u00e9ration\"}]},{\"@type\":\"WebSite\",\"@id\":\"https:\\\/\\\/cmcbaitboat.be\\\/#website\",\"url\":\"https:\\\/\\\/cmcbaitboat.be\\\/\",\"name\":\"CMC Bait Boat\",\"description\":\"\",\"publisher\":{\"@id\":\"https:\\\/\\\/cmcbaitboat.be\\\/#organization\"},\"potentialAction\":[{\"@type\":\"SearchAction\",\"target\":{\"@type\":\"EntryPoint\",\"urlTemplate\":\"https:\\\/\\\/cmcbaitboat.be\\\/?s={search_term_string}\"},\"query-input\":{\"@type\":\"PropertyValueSpecification\",\"valueRequired\":true,\"valueName\":\"search_term_string\"}}],\"inLanguage\":\"fr-FR\"},{\"@type\":\"Organization\",\"@id\":\"https:\\\/\\\/cmcbaitboat.be\\\/#organization\",\"name\":\"CMC Bait Boat\",\"url\":\"https:\\\/\\\/cmcbaitboat.be\\\/\",\"logo\":{\"@type\":\"ImageObject\",\"inLanguage\":\"fr-FR\",\"@id\":\"https:\\\/\\\/cmcbaitboat.be\\\/#\\\/schema\\\/logo\\\/image\\\/\",\"url\":\"https:\\\/\\\/cmcbaitboat.be\\\/wp-content\\\/uploads\\\/2022\\\/02\\\/logon.jpg\",\"contentUrl\":\"https:\\\/\\\/cmcbaitboat.be\\\/wp-content\\\/uploads\\\/2022\\\/02\\\/logon.jpg\",\"width\":1315,\"height\":1144,\"caption\":\"CMC Bait Boat\"},\"image\":{\"@id\":\"https:\\\/\\\/cmcbaitboat.be\\\/#\\\/schema\\\/logo\\\/image\\\/\"},\"sameAs\":[\"https:\\\/\\\/www.facebook.com\\\/cmc.cmcbaitboat.9\"]}]}<\/script>\n<!-- \/ Yoast SEO plugin. -->","yoast_head_json":{"title":"Radio XR500 nouvelle g\u00e9n\u00e9ration - CMC Bait Boat","robots":{"index":"index","follow":"follow","max-snippet":"max-snippet:-1","max-image-preview":"max-image-preview:large","max-video-preview":"max-video-preview:-1"},"canonical":"https:\/\/cmcbaitboat.be\/?product=radio-xr500-nouvelle-generation","og_locale":"fr_FR","og_type":"article","og_title":"Radio XR500 nouvelle g\u00e9n\u00e9ration - CMC Bait Boat","og_description":"\u00a0&#8211;\u00a0\u00a0\u00c9chosondeur avanc\u00e9 avec image HD, palette de 8 couleurs pour la p\u00eache de jour et de nuit. \u00a0&#8211; Traceur d&rsquo;itin\u00e9raire avec informations de profondeur, l&rsquo;itin\u00e9raire peut \u00eatre recharg\u00e9 sous forme de carte 2D. Pilote automatique \u00a0&#8211;\u00a0\u00a0Syst\u00e8me de pilotage automatique avec r\u00e9cepteur GNSS haute pr\u00e9cision de 10e g\u00e9n\u00e9ration. \u00a0&#8211; Compas c\u00f4t\u00e9 bateau et c\u00f4t\u00e9 portable, le [&hellip;]","og_url":"https:\/\/cmcbaitboat.be\/?product=radio-xr500-nouvelle-generation","og_site_name":"CMC Bait Boat","article_publisher":"https:\/\/www.facebook.com\/cmc.cmcbaitboat.9","article_modified_time":"2026-04-05T05:47:14+00:00","og_image":[{"width":1000,"height":1000,"url":"https:\/\/cmcbaitboat.be\/wp-content\/uploads\/2024\/08\/shengnahuamian0wudise.png","type":"image\/png"}],"twitter_card":"summary_large_image","twitter_misc":{"Dur\u00e9e de lecture estim\u00e9e":"4 minutes"},"schema":{"@context":"https:\/\/schema.org","@graph":[{"@type":"WebPage","@id":"https:\/\/cmcbaitboat.be\/?product=radio-xr500-nouvelle-generation","url":"https:\/\/cmcbaitboat.be\/?product=radio-xr500-nouvelle-generation","name":"Radio XR500 nouvelle g\u00e9n\u00e9ration - CMC Bait Boat","isPartOf":{"@id":"https:\/\/cmcbaitboat.be\/#website"},"primaryImageOfPage":{"@id":"https:\/\/cmcbaitboat.be\/?product=radio-xr500-nouvelle-generation#primaryimage"},"image":{"@id":"https:\/\/cmcbaitboat.be\/?product=radio-xr500-nouvelle-generation#primaryimage"},"thumbnailUrl":"https:\/\/cmcbaitboat.be\/wp-content\/uploads\/2024\/08\/shengnahuamian0wudise.png","datePublished":"2024-08-25T22:27:42+00:00","dateModified":"2026-04-05T05:47:14+00:00","breadcrumb":{"@id":"https:\/\/cmcbaitboat.be\/?product=radio-xr500-nouvelle-generation#breadcrumb"},"inLanguage":"fr-FR","potentialAction":[{"@type":"ReadAction","target":["https:\/\/cmcbaitboat.be\/?product=radio-xr500-nouvelle-generation"]}]},{"@type":"ImageObject","inLanguage":"fr-FR","@id":"https:\/\/cmcbaitboat.be\/?product=radio-xr500-nouvelle-generation#primaryimage","url":"https:\/\/cmcbaitboat.be\/wp-content\/uploads\/2024\/08\/shengnahuamian0wudise.png","contentUrl":"https:\/\/cmcbaitboat.be\/wp-content\/uploads\/2024\/08\/shengnahuamian0wudise.png","width":1000,"height":1000},{"@type":"BreadcrumbList","@id":"https:\/\/cmcbaitboat.be\/?product=radio-xr500-nouvelle-generation#breadcrumb","itemListElement":[{"@type":"ListItem","position":1,"name":"Accueil","item":"https:\/\/cmcbaitboat.be\/"},{"@type":"ListItem","position":2,"name":"Boutique","item":"https:\/\/cmcbaitboat.be\/?page_id=227"},{"@type":"ListItem","position":3,"name":"Radio XR500 nouvelle g\u00e9n\u00e9ration"}]},{"@type":"WebSite","@id":"https:\/\/cmcbaitboat.be\/#website","url":"https:\/\/cmcbaitboat.be\/","name":"CMC Bait Boat","description":"","publisher":{"@id":"https:\/\/cmcbaitboat.be\/#organization"},"potentialAction":[{"@type":"SearchAction","target":{"@type":"EntryPoint","urlTemplate":"https:\/\/cmcbaitboat.be\/?s={search_term_string}"},"query-input":{"@type":"PropertyValueSpecification","valueRequired":true,"valueName":"search_term_string"}}],"inLanguage":"fr-FR"},{"@type":"Organization","@id":"https:\/\/cmcbaitboat.be\/#organization","name":"CMC Bait Boat","url":"https:\/\/cmcbaitboat.be\/","logo":{"@type":"ImageObject","inLanguage":"fr-FR","@id":"https:\/\/cmcbaitboat.be\/#\/schema\/logo\/image\/","url":"https:\/\/cmcbaitboat.be\/wp-content\/uploads\/2022\/02\/logon.jpg","contentUrl":"https:\/\/cmcbaitboat.be\/wp-content\/uploads\/2022\/02\/logon.jpg","width":1315,"height":1144,"caption":"CMC Bait Boat"},"image":{"@id":"https:\/\/cmcbaitboat.be\/#\/schema\/logo\/image\/"},"sameAs":["https:\/\/www.facebook.com\/cmc.cmcbaitboat.9"]}]}},"jetpack_sharing_enabled":true,"_links":{"self":[{"href":"https:\/\/cmcbaitboat.be\/index.php?rest_route=\/wp\/v2\/product\/396","targetHints":{"allow":["GET"]}}],"collection":[{"href":"https:\/\/cmcbaitboat.be\/index.php?rest_route=\/wp\/v2\/product"}],"about":[{"href":"https:\/\/cmcbaitboat.be\/index.php?rest_route=\/wp\/v2\/types\/product"}],"replies":[{"embeddable":true,"href":"https:\/\/cmcbaitboat.be\/index.php?rest_route=%2Fwp%2Fv2%2Fcomments&post=396"}],"wp:featuredmedia":[{"embeddable":true,"href":"https:\/\/cmcbaitboat.be\/index.php?rest_route=\/wp\/v2\/media\/397"}],"wp:attachment":[{"href":"https:\/\/cmcbaitboat.be\/index.php?rest_route=%2Fwp%2Fv2%2Fmedia&parent=396"}],"wp:term":[{"taxonomy":"product_brand","embeddable":true,"href":"https:\/\/cmcbaitboat.be\/index.php?rest_route=%2Fwp%2Fv2%2Fproduct_brand&post=396"},{"taxonomy":"product_cat","embeddable":true,"href":"https:\/\/cmcbaitboat.be\/index.php?rest_route=%2Fwp%2Fv2%2Fproduct_cat&post=396"},{"taxonomy":"product_tag","embeddable":true,"href":"https:\/\/cmcbaitboat.be\/index.php?rest_route=%2Fwp%2Fv2%2Fproduct_tag&post=396"}],"curies":[{"name":"wp","href":"https:\/\/api.w.org\/{rel}","templated":true}]}}