{"id":451,"date":"2024-11-07T07:21:06","date_gmt":"2024-11-07T06:21:06","guid":{"rendered":"https:\/\/cmcbaitboat.be\/?post_type=product&#038;p=451"},"modified":"2025-08-25T07:25:58","modified_gmt":"2025-08-25T06:25:58","slug":"modification-rt4","status":"publish","type":"product","link":"https:\/\/cmcbaitboat.be\/?product=modification-rt4","title":{"rendered":"Modification RT4"},"content":{"rendered":"<p>Modification Rt4\u00a0 suppression carte m\u00e8re\u00a0 remplacement de tout les composants et faisceau \u00e9lectrique\u00a0 ,batterie lithium grande capacit\u00e9\u00a0 , radio , chargeur\u00a0 garantie 3 ans\u00a0 fini les tracas au bord de l&rsquo;eau\u00a0 .<\/p>\n<p>Le prix comprend les \u00e9l\u00e9ments repris su dessus .<\/p>\n<p>Possibilit\u00e9 de\u00a0 faire installer le nouveau syst\u00e8me XR500 voir tarif ( suppl\u00e9ment )\u00a0 pour une machine au top .<\/p>\n","protected":false},"excerpt":{"rendered":"<p>Modification Rt4\u00a0 suppression carte m\u00e8re\u00a0 remplacement de tout les composants et faisceau \u00e9lectrique\u00a0 ,batterie lithium grande capacit\u00e9\u00a0 , radio , chargeur\u00a0 garantie 3 ans\u00a0 fini les tracas au bord de l&rsquo;eau\u00a0 . Le prix comprend les \u00e9l\u00e9ments repris su dessus . Possibilit\u00e9 de\u00a0 faire installer le nouveau syst\u00e8me XR500 voir tarif ( suppl\u00e9ment )\u00a0 pour [&hellip;]<\/p>\n","protected":false},"featured_media":452,"comment_status":"open","ping_status":"closed","template":"","meta":[],"product_brand":[],"product_cat":[16],"product_tag":[],"class_list":{"0":"post-451","1":"product","2":"type-product","3":"status-publish","4":"has-post-thumbnail","6":"product_cat-non-classe","8":"first","9":"instock","10":"sale","11":"shipping-taxable","12":"purchasable","13":"product-type-simple"},"yoast_head":"<!-- This site is optimized with the Yoast SEO plugin v27.3 - https:\/\/yoast.com\/product\/yoast-seo-wordpress\/ -->\n<title>Modification RT4 - CMC Bait Boat<\/title>\n<meta name=\"robots\" content=\"index, follow, max-snippet:-1, max-image-preview:large, max-video-preview:-1\" \/>\n<link rel=\"canonical\" href=\"https:\/\/cmcbaitboat.be\/?product=modification-rt4\" \/>\n<meta property=\"og:locale\" content=\"fr_FR\" \/>\n<meta property=\"og:type\" content=\"article\" \/>\n<meta property=\"og:title\" content=\"Modification RT4 - CMC Bait Boat\" \/>\n<meta property=\"og:description\" content=\"Modification Rt4\u00a0 suppression carte m\u00e8re\u00a0 remplacement de tout les composants et faisceau \u00e9lectrique\u00a0 ,batterie lithium grande capacit\u00e9\u00a0 , radio , chargeur\u00a0 garantie 3 ans\u00a0 fini les tracas au bord de l&rsquo;eau\u00a0 . Le prix comprend les \u00e9l\u00e9ments repris su dessus . Possibilit\u00e9 de\u00a0 faire installer le nouveau syst\u00e8me XR500 voir tarif ( suppl\u00e9ment )\u00a0 pour [&hellip;]\" \/>\n<meta property=\"og:url\" content=\"https:\/\/cmcbaitboat.be\/?product=modification-rt4\" \/>\n<meta property=\"og:site_name\" content=\"CMC Bait Boat\" \/>\n<meta property=\"article:publisher\" content=\"https:\/\/www.facebook.com\/cmc.cmcbaitboat.9\" \/>\n<meta property=\"article:modified_time\" content=\"2025-08-25T06:25:58+00:00\" \/>\n<meta property=\"og:image\" content=\"https:\/\/cmcbaitboat.be\/wp-content\/uploads\/2024\/11\/20200410_shower-rt4-stand_20200410_shoot-3_Dennis_Wrase16_5810_x_3526_5810_x_3526_00008VTcGf96DpyBex.jpg\" \/>\n\t<meta property=\"og:image:width\" content=\"1600\" \/>\n\t<meta property=\"og:image:height\" content=\"971\" \/>\n\t<meta property=\"og:image:type\" content=\"image\/jpeg\" \/>\n<meta name=\"twitter:card\" content=\"summary_large_image\" \/>\n<meta name=\"twitter:label1\" content=\"Dur\u00e9e de lecture estim\u00e9e\" \/>\n\t<meta name=\"twitter:data1\" content=\"1 minute\" \/>\n<script type=\"application\/ld+json\" class=\"yoast-schema-graph\">{\"@context\":\"https:\\\/\\\/schema.org\",\"@graph\":[{\"@type\":\"WebPage\",\"@id\":\"https:\\\/\\\/cmcbaitboat.be\\\/?product=modification-rt4\",\"url\":\"https:\\\/\\\/cmcbaitboat.be\\\/?product=modification-rt4\",\"name\":\"Modification RT4 - CMC Bait Boat\",\"isPartOf\":{\"@id\":\"https:\\\/\\\/cmcbaitboat.be\\\/#website\"},\"primaryImageOfPage\":{\"@id\":\"https:\\\/\\\/cmcbaitboat.be\\\/?product=modification-rt4#primaryimage\"},\"image\":{\"@id\":\"https:\\\/\\\/cmcbaitboat.be\\\/?product=modification-rt4#primaryimage\"},\"thumbnailUrl\":\"https:\\\/\\\/cmcbaitboat.be\\\/wp-content\\\/uploads\\\/2024\\\/11\\\/20200410_shower-rt4-stand_20200410_shoot-3_Dennis_Wrase16_5810_x_3526_5810_x_3526_00008VTcGf96DpyBex.jpg\",\"datePublished\":\"2024-11-07T06:21:06+00:00\",\"dateModified\":\"2025-08-25T06:25:58+00:00\",\"breadcrumb\":{\"@id\":\"https:\\\/\\\/cmcbaitboat.be\\\/?product=modification-rt4#breadcrumb\"},\"inLanguage\":\"fr-FR\",\"potentialAction\":[{\"@type\":\"ReadAction\",\"target\":[\"https:\\\/\\\/cmcbaitboat.be\\\/?product=modification-rt4\"]}]},{\"@type\":\"ImageObject\",\"inLanguage\":\"fr-FR\",\"@id\":\"https:\\\/\\\/cmcbaitboat.be\\\/?product=modification-rt4#primaryimage\",\"url\":\"https:\\\/\\\/cmcbaitboat.be\\\/wp-content\\\/uploads\\\/2024\\\/11\\\/20200410_shower-rt4-stand_20200410_shoot-3_Dennis_Wrase16_5810_x_3526_5810_x_3526_00008VTcGf96DpyBex.jpg\",\"contentUrl\":\"https:\\\/\\\/cmcbaitboat.be\\\/wp-content\\\/uploads\\\/2024\\\/11\\\/20200410_shower-rt4-stand_20200410_shoot-3_Dennis_Wrase16_5810_x_3526_5810_x_3526_00008VTcGf96DpyBex.jpg\",\"width\":1600,\"height\":971},{\"@type\":\"BreadcrumbList\",\"@id\":\"https:\\\/\\\/cmcbaitboat.be\\\/?product=modification-rt4#breadcrumb\",\"itemListElement\":[{\"@type\":\"ListItem\",\"position\":1,\"name\":\"Accueil\",\"item\":\"https:\\\/\\\/cmcbaitboat.be\\\/\"},{\"@type\":\"ListItem\",\"position\":2,\"name\":\"Boutique\",\"item\":\"https:\\\/\\\/cmcbaitboat.be\\\/?page_id=227\"},{\"@type\":\"ListItem\",\"position\":3,\"name\":\"Modification RT4\"}]},{\"@type\":\"WebSite\",\"@id\":\"https:\\\/\\\/cmcbaitboat.be\\\/#website\",\"url\":\"https:\\\/\\\/cmcbaitboat.be\\\/\",\"name\":\"CMC Bait Boat\",\"description\":\"\",\"publisher\":{\"@id\":\"https:\\\/\\\/cmcbaitboat.be\\\/#organization\"},\"potentialAction\":[{\"@type\":\"SearchAction\",\"target\":{\"@type\":\"EntryPoint\",\"urlTemplate\":\"https:\\\/\\\/cmcbaitboat.be\\\/?s={search_term_string}\"},\"query-input\":{\"@type\":\"PropertyValueSpecification\",\"valueRequired\":true,\"valueName\":\"search_term_string\"}}],\"inLanguage\":\"fr-FR\"},{\"@type\":\"Organization\",\"@id\":\"https:\\\/\\\/cmcbaitboat.be\\\/#organization\",\"name\":\"CMC Bait Boat\",\"url\":\"https:\\\/\\\/cmcbaitboat.be\\\/\",\"logo\":{\"@type\":\"ImageObject\",\"inLanguage\":\"fr-FR\",\"@id\":\"https:\\\/\\\/cmcbaitboat.be\\\/#\\\/schema\\\/logo\\\/image\\\/\",\"url\":\"https:\\\/\\\/cmcbaitboat.be\\\/wp-content\\\/uploads\\\/2022\\\/02\\\/logon.jpg\",\"contentUrl\":\"https:\\\/\\\/cmcbaitboat.be\\\/wp-content\\\/uploads\\\/2022\\\/02\\\/logon.jpg\",\"width\":1315,\"height\":1144,\"caption\":\"CMC Bait Boat\"},\"image\":{\"@id\":\"https:\\\/\\\/cmcbaitboat.be\\\/#\\\/schema\\\/logo\\\/image\\\/\"},\"sameAs\":[\"https:\\\/\\\/www.facebook.com\\\/cmc.cmcbaitboat.9\"]}]}<\/script>\n<!-- \/ Yoast SEO plugin. -->","yoast_head_json":{"title":"Modification RT4 - CMC Bait Boat","robots":{"index":"index","follow":"follow","max-snippet":"max-snippet:-1","max-image-preview":"max-image-preview:large","max-video-preview":"max-video-preview:-1"},"canonical":"https:\/\/cmcbaitboat.be\/?product=modification-rt4","og_locale":"fr_FR","og_type":"article","og_title":"Modification RT4 - CMC Bait Boat","og_description":"Modification Rt4\u00a0 suppression carte m\u00e8re\u00a0 remplacement de tout les composants et faisceau \u00e9lectrique\u00a0 ,batterie lithium grande capacit\u00e9\u00a0 , radio , chargeur\u00a0 garantie 3 ans\u00a0 fini les tracas au bord de l&rsquo;eau\u00a0 . Le prix comprend les \u00e9l\u00e9ments repris su dessus . Possibilit\u00e9 de\u00a0 faire installer le nouveau syst\u00e8me XR500 voir tarif ( suppl\u00e9ment )\u00a0 pour [&hellip;]","og_url":"https:\/\/cmcbaitboat.be\/?product=modification-rt4","og_site_name":"CMC Bait Boat","article_publisher":"https:\/\/www.facebook.com\/cmc.cmcbaitboat.9","article_modified_time":"2025-08-25T06:25:58+00:00","og_image":[{"width":1600,"height":971,"url":"https:\/\/cmcbaitboat.be\/wp-content\/uploads\/2024\/11\/20200410_shower-rt4-stand_20200410_shoot-3_Dennis_Wrase16_5810_x_3526_5810_x_3526_00008VTcGf96DpyBex.jpg","type":"image\/jpeg"}],"twitter_card":"summary_large_image","twitter_misc":{"Dur\u00e9e de lecture estim\u00e9e":"1 minute"},"schema":{"@context":"https:\/\/schema.org","@graph":[{"@type":"WebPage","@id":"https:\/\/cmcbaitboat.be\/?product=modification-rt4","url":"https:\/\/cmcbaitboat.be\/?product=modification-rt4","name":"Modification RT4 - CMC Bait Boat","isPartOf":{"@id":"https:\/\/cmcbaitboat.be\/#website"},"primaryImageOfPage":{"@id":"https:\/\/cmcbaitboat.be\/?product=modification-rt4#primaryimage"},"image":{"@id":"https:\/\/cmcbaitboat.be\/?product=modification-rt4#primaryimage"},"thumbnailUrl":"https:\/\/cmcbaitboat.be\/wp-content\/uploads\/2024\/11\/20200410_shower-rt4-stand_20200410_shoot-3_Dennis_Wrase16_5810_x_3526_5810_x_3526_00008VTcGf96DpyBex.jpg","datePublished":"2024-11-07T06:21:06+00:00","dateModified":"2025-08-25T06:25:58+00:00","breadcrumb":{"@id":"https:\/\/cmcbaitboat.be\/?product=modification-rt4#breadcrumb"},"inLanguage":"fr-FR","potentialAction":[{"@type":"ReadAction","target":["https:\/\/cmcbaitboat.be\/?product=modification-rt4"]}]},{"@type":"ImageObject","inLanguage":"fr-FR","@id":"https:\/\/cmcbaitboat.be\/?product=modification-rt4#primaryimage","url":"https:\/\/cmcbaitboat.be\/wp-content\/uploads\/2024\/11\/20200410_shower-rt4-stand_20200410_shoot-3_Dennis_Wrase16_5810_x_3526_5810_x_3526_00008VTcGf96DpyBex.jpg","contentUrl":"https:\/\/cmcbaitboat.be\/wp-content\/uploads\/2024\/11\/20200410_shower-rt4-stand_20200410_shoot-3_Dennis_Wrase16_5810_x_3526_5810_x_3526_00008VTcGf96DpyBex.jpg","width":1600,"height":971},{"@type":"BreadcrumbList","@id":"https:\/\/cmcbaitboat.be\/?product=modification-rt4#breadcrumb","itemListElement":[{"@type":"ListItem","position":1,"name":"Accueil","item":"https:\/\/cmcbaitboat.be\/"},{"@type":"ListItem","position":2,"name":"Boutique","item":"https:\/\/cmcbaitboat.be\/?page_id=227"},{"@type":"ListItem","position":3,"name":"Modification RT4"}]},{"@type":"WebSite","@id":"https:\/\/cmcbaitboat.be\/#website","url":"https:\/\/cmcbaitboat.be\/","name":"CMC Bait Boat","description":"","publisher":{"@id":"https:\/\/cmcbaitboat.be\/#organization"},"potentialAction":[{"@type":"SearchAction","target":{"@type":"EntryPoint","urlTemplate":"https:\/\/cmcbaitboat.be\/?s={search_term_string}"},"query-input":{"@type":"PropertyValueSpecification","valueRequired":true,"valueName":"search_term_string"}}],"inLanguage":"fr-FR"},{"@type":"Organization","@id":"https:\/\/cmcbaitboat.be\/#organization","name":"CMC Bait Boat","url":"https:\/\/cmcbaitboat.be\/","logo":{"@type":"ImageObject","inLanguage":"fr-FR","@id":"https:\/\/cmcbaitboat.be\/#\/schema\/logo\/image\/","url":"https:\/\/cmcbaitboat.be\/wp-content\/uploads\/2022\/02\/logon.jpg","contentUrl":"https:\/\/cmcbaitboat.be\/wp-content\/uploads\/2022\/02\/logon.jpg","width":1315,"height":1144,"caption":"CMC Bait Boat"},"image":{"@id":"https:\/\/cmcbaitboat.be\/#\/schema\/logo\/image\/"},"sameAs":["https:\/\/www.facebook.com\/cmc.cmcbaitboat.9"]}]}},"jetpack_sharing_enabled":true,"_links":{"self":[{"href":"https:\/\/cmcbaitboat.be\/index.php?rest_route=\/wp\/v2\/product\/451","targetHints":{"allow":["GET"]}}],"collection":[{"href":"https:\/\/cmcbaitboat.be\/index.php?rest_route=\/wp\/v2\/product"}],"about":[{"href":"https:\/\/cmcbaitboat.be\/index.php?rest_route=\/wp\/v2\/types\/product"}],"replies":[{"embeddable":true,"href":"https:\/\/cmcbaitboat.be\/index.php?rest_route=%2Fwp%2Fv2%2Fcomments&post=451"}],"wp:featuredmedia":[{"embeddable":true,"href":"https:\/\/cmcbaitboat.be\/index.php?rest_route=\/wp\/v2\/media\/452"}],"wp:attachment":[{"href":"https:\/\/cmcbaitboat.be\/index.php?rest_route=%2Fwp%2Fv2%2Fmedia&parent=451"}],"wp:term":[{"taxonomy":"product_brand","embeddable":true,"href":"https:\/\/cmcbaitboat.be\/index.php?rest_route=%2Fwp%2Fv2%2Fproduct_brand&post=451"},{"taxonomy":"product_cat","embeddable":true,"href":"https:\/\/cmcbaitboat.be\/index.php?rest_route=%2Fwp%2Fv2%2Fproduct_cat&post=451"},{"taxonomy":"product_tag","embeddable":true,"href":"https:\/\/cmcbaitboat.be\/index.php?rest_route=%2Fwp%2Fv2%2Fproduct_tag&post=451"}],"curies":[{"name":"wp","href":"https:\/\/api.w.org\/{rel}","templated":true}]}}