{"id":694,"date":"2026-01-02T10:57:44","date_gmt":"2026-01-02T09:57:44","guid":{"rendered":"https:\/\/cmcbaitboat.be\/?post_type=product&#038;p=694"},"modified":"2026-03-10T14:52:33","modified_gmt":"2026-03-10T13:52:33","slug":"titan-v2-3","status":"publish","type":"product","link":"https:\/\/cmcbaitboat.be\/?product=titan-v2-3","title":{"rendered":"Titan V2   stock imm\u00e9diat"},"content":{"rendered":"<p>Titan V2 finition Bleu<\/p>\n<p>Option\u00a0 TF 520 + x pilot gps<\/p>\n<p>Pr\u00eat \u00e0 p\u00eacher\u00a0 \u00a0livrer avec batterie et pied de sondeur<\/p>\n<p>Attention pour exp\u00e9dition veuillez s\u00e9lectionner bateau uniquement\u00a0 et non petit colis France Belgique sinon il ne sera pas exp\u00e9dier .<\/p>\n","protected":false},"excerpt":{"rendered":"<p>Titan V2 finition Bleu Option\u00a0 TF 520 + x pilot gps Pr\u00eat \u00e0 p\u00eacher\u00a0 \u00a0livrer avec batterie et pied de sondeur Attention pour exp\u00e9dition veuillez s\u00e9lectionner bateau uniquement\u00a0 et non petit colis France Belgique sinon il ne sera pas exp\u00e9dier .<\/p>\n","protected":false},"featured_media":695,"comment_status":"open","ping_status":"closed","template":"","meta":[],"product_brand":[],"product_cat":[16],"product_tag":[22],"class_list":{"0":"post-694","1":"product","2":"type-product","3":"status-publish","4":"has-post-thumbnail","6":"product_cat-non-classe","7":"product_tag-solde","8":"product_shipping_class-boat","10":"first","11":"onbackorder","12":"sale","13":"shipping-taxable","14":"purchasable","15":"product-type-simple"},"yoast_head":"<!-- This site is optimized with the Yoast SEO plugin v27.4 - https:\/\/yoast.com\/product\/yoast-seo-wordpress\/ -->\n<title>Titan V2  stock imm\u00e9diat - CMC Bait Boat<\/title>\n<meta name=\"robots\" content=\"index, follow, max-snippet:-1, max-image-preview:large, max-video-preview:-1\" \/>\n<link rel=\"canonical\" href=\"https:\/\/cmcbaitboat.be\/?product=titan-v2-3\" \/>\n<meta property=\"og:locale\" content=\"fr_FR\" \/>\n<meta property=\"og:type\" content=\"article\" \/>\n<meta property=\"og:title\" content=\"Titan V2  stock imm\u00e9diat - CMC Bait Boat\" \/>\n<meta property=\"og:description\" content=\"Titan V2 finition Bleu Option\u00a0 TF 520 + x pilot gps Pr\u00eat \u00e0 p\u00eacher\u00a0 \u00a0livrer avec batterie et pied de sondeur Attention pour exp\u00e9dition veuillez s\u00e9lectionner bateau uniquement\u00a0 et non petit colis France Belgique sinon il ne sera pas exp\u00e9dier .\" \/>\n<meta property=\"og:url\" content=\"https:\/\/cmcbaitboat.be\/?product=titan-v2-3\" \/>\n<meta property=\"og:site_name\" content=\"CMC Bait Boat\" \/>\n<meta property=\"article:publisher\" content=\"https:\/\/www.facebook.com\/cmc.cmcbaitboat.9\" \/>\n<meta property=\"article:modified_time\" content=\"2026-03-10T13:52:33+00:00\" \/>\n<meta property=\"og:image\" content=\"https:\/\/cmcbaitboat.be\/wp-content\/uploads\/2026\/01\/549287884_31168196082827983_4540619509237993028_n.jpg\" \/>\n\t<meta property=\"og:image:width\" content=\"2048\" \/>\n\t<meta property=\"og:image:height\" content=\"1272\" \/>\n\t<meta property=\"og:image:type\" content=\"image\/jpeg\" \/>\n<meta name=\"twitter:card\" content=\"summary_large_image\" \/>\n<meta name=\"twitter:label1\" content=\"Dur\u00e9e de lecture estim\u00e9e\" \/>\n\t<meta name=\"twitter:data1\" content=\"1 minute\" \/>\n<script type=\"application\/ld+json\" class=\"yoast-schema-graph\">{\"@context\":\"https:\\\/\\\/schema.org\",\"@graph\":[{\"@type\":\"WebPage\",\"@id\":\"https:\\\/\\\/cmcbaitboat.be\\\/?product=titan-v2-3\",\"url\":\"https:\\\/\\\/cmcbaitboat.be\\\/?product=titan-v2-3\",\"name\":\"Titan V2 stock imm\u00e9diat - CMC Bait Boat\",\"isPartOf\":{\"@id\":\"https:\\\/\\\/cmcbaitboat.be\\\/#website\"},\"primaryImageOfPage\":{\"@id\":\"https:\\\/\\\/cmcbaitboat.be\\\/?product=titan-v2-3#primaryimage\"},\"image\":{\"@id\":\"https:\\\/\\\/cmcbaitboat.be\\\/?product=titan-v2-3#primaryimage\"},\"thumbnailUrl\":\"https:\\\/\\\/cmcbaitboat.be\\\/wp-content\\\/uploads\\\/2026\\\/01\\\/549287884_31168196082827983_4540619509237993028_n.jpg\",\"datePublished\":\"2026-01-02T09:57:44+00:00\",\"dateModified\":\"2026-03-10T13:52:33+00:00\",\"breadcrumb\":{\"@id\":\"https:\\\/\\\/cmcbaitboat.be\\\/?product=titan-v2-3#breadcrumb\"},\"inLanguage\":\"fr-FR\",\"potentialAction\":[{\"@type\":\"ReadAction\",\"target\":[\"https:\\\/\\\/cmcbaitboat.be\\\/?product=titan-v2-3\"]}]},{\"@type\":\"ImageObject\",\"inLanguage\":\"fr-FR\",\"@id\":\"https:\\\/\\\/cmcbaitboat.be\\\/?product=titan-v2-3#primaryimage\",\"url\":\"https:\\\/\\\/cmcbaitboat.be\\\/wp-content\\\/uploads\\\/2026\\\/01\\\/549287884_31168196082827983_4540619509237993028_n.jpg\",\"contentUrl\":\"https:\\\/\\\/cmcbaitboat.be\\\/wp-content\\\/uploads\\\/2026\\\/01\\\/549287884_31168196082827983_4540619509237993028_n.jpg\",\"width\":2048,\"height\":1272},{\"@type\":\"BreadcrumbList\",\"@id\":\"https:\\\/\\\/cmcbaitboat.be\\\/?product=titan-v2-3#breadcrumb\",\"itemListElement\":[{\"@type\":\"ListItem\",\"position\":1,\"name\":\"Accueil\",\"item\":\"https:\\\/\\\/cmcbaitboat.be\\\/\"},{\"@type\":\"ListItem\",\"position\":2,\"name\":\"Boutique\",\"item\":\"https:\\\/\\\/cmcbaitboat.be\\\/?page_id=227\"},{\"@type\":\"ListItem\",\"position\":3,\"name\":\"Titan V2 stock imm\u00e9diat\"}]},{\"@type\":\"WebSite\",\"@id\":\"https:\\\/\\\/cmcbaitboat.be\\\/#website\",\"url\":\"https:\\\/\\\/cmcbaitboat.be\\\/\",\"name\":\"CMC Bait Boat\",\"description\":\"\",\"publisher\":{\"@id\":\"https:\\\/\\\/cmcbaitboat.be\\\/#organization\"},\"potentialAction\":[{\"@type\":\"SearchAction\",\"target\":{\"@type\":\"EntryPoint\",\"urlTemplate\":\"https:\\\/\\\/cmcbaitboat.be\\\/?s={search_term_string}\"},\"query-input\":{\"@type\":\"PropertyValueSpecification\",\"valueRequired\":true,\"valueName\":\"search_term_string\"}}],\"inLanguage\":\"fr-FR\"},{\"@type\":\"Organization\",\"@id\":\"https:\\\/\\\/cmcbaitboat.be\\\/#organization\",\"name\":\"CMC Bait Boat\",\"url\":\"https:\\\/\\\/cmcbaitboat.be\\\/\",\"logo\":{\"@type\":\"ImageObject\",\"inLanguage\":\"fr-FR\",\"@id\":\"https:\\\/\\\/cmcbaitboat.be\\\/#\\\/schema\\\/logo\\\/image\\\/\",\"url\":\"https:\\\/\\\/cmcbaitboat.be\\\/wp-content\\\/uploads\\\/2022\\\/02\\\/logon.jpg\",\"contentUrl\":\"https:\\\/\\\/cmcbaitboat.be\\\/wp-content\\\/uploads\\\/2022\\\/02\\\/logon.jpg\",\"width\":1315,\"height\":1144,\"caption\":\"CMC Bait Boat\"},\"image\":{\"@id\":\"https:\\\/\\\/cmcbaitboat.be\\\/#\\\/schema\\\/logo\\\/image\\\/\"},\"sameAs\":[\"https:\\\/\\\/www.facebook.com\\\/cmc.cmcbaitboat.9\"]}]}<\/script>\n<!-- \/ Yoast SEO plugin. -->","yoast_head_json":{"title":"Titan V2  stock imm\u00e9diat - CMC Bait Boat","robots":{"index":"index","follow":"follow","max-snippet":"max-snippet:-1","max-image-preview":"max-image-preview:large","max-video-preview":"max-video-preview:-1"},"canonical":"https:\/\/cmcbaitboat.be\/?product=titan-v2-3","og_locale":"fr_FR","og_type":"article","og_title":"Titan V2  stock imm\u00e9diat - CMC Bait Boat","og_description":"Titan V2 finition Bleu Option\u00a0 TF 520 + x pilot gps Pr\u00eat \u00e0 p\u00eacher\u00a0 \u00a0livrer avec batterie et pied de sondeur Attention pour exp\u00e9dition veuillez s\u00e9lectionner bateau uniquement\u00a0 et non petit colis France Belgique sinon il ne sera pas exp\u00e9dier .","og_url":"https:\/\/cmcbaitboat.be\/?product=titan-v2-3","og_site_name":"CMC Bait Boat","article_publisher":"https:\/\/www.facebook.com\/cmc.cmcbaitboat.9","article_modified_time":"2026-03-10T13:52:33+00:00","og_image":[{"width":2048,"height":1272,"url":"https:\/\/cmcbaitboat.be\/wp-content\/uploads\/2026\/01\/549287884_31168196082827983_4540619509237993028_n.jpg","type":"image\/jpeg"}],"twitter_card":"summary_large_image","twitter_misc":{"Dur\u00e9e de lecture estim\u00e9e":"1 minute"},"schema":{"@context":"https:\/\/schema.org","@graph":[{"@type":"WebPage","@id":"https:\/\/cmcbaitboat.be\/?product=titan-v2-3","url":"https:\/\/cmcbaitboat.be\/?product=titan-v2-3","name":"Titan V2 stock imm\u00e9diat - CMC Bait Boat","isPartOf":{"@id":"https:\/\/cmcbaitboat.be\/#website"},"primaryImageOfPage":{"@id":"https:\/\/cmcbaitboat.be\/?product=titan-v2-3#primaryimage"},"image":{"@id":"https:\/\/cmcbaitboat.be\/?product=titan-v2-3#primaryimage"},"thumbnailUrl":"https:\/\/cmcbaitboat.be\/wp-content\/uploads\/2026\/01\/549287884_31168196082827983_4540619509237993028_n.jpg","datePublished":"2026-01-02T09:57:44+00:00","dateModified":"2026-03-10T13:52:33+00:00","breadcrumb":{"@id":"https:\/\/cmcbaitboat.be\/?product=titan-v2-3#breadcrumb"},"inLanguage":"fr-FR","potentialAction":[{"@type":"ReadAction","target":["https:\/\/cmcbaitboat.be\/?product=titan-v2-3"]}]},{"@type":"ImageObject","inLanguage":"fr-FR","@id":"https:\/\/cmcbaitboat.be\/?product=titan-v2-3#primaryimage","url":"https:\/\/cmcbaitboat.be\/wp-content\/uploads\/2026\/01\/549287884_31168196082827983_4540619509237993028_n.jpg","contentUrl":"https:\/\/cmcbaitboat.be\/wp-content\/uploads\/2026\/01\/549287884_31168196082827983_4540619509237993028_n.jpg","width":2048,"height":1272},{"@type":"BreadcrumbList","@id":"https:\/\/cmcbaitboat.be\/?product=titan-v2-3#breadcrumb","itemListElement":[{"@type":"ListItem","position":1,"name":"Accueil","item":"https:\/\/cmcbaitboat.be\/"},{"@type":"ListItem","position":2,"name":"Boutique","item":"https:\/\/cmcbaitboat.be\/?page_id=227"},{"@type":"ListItem","position":3,"name":"Titan V2 stock imm\u00e9diat"}]},{"@type":"WebSite","@id":"https:\/\/cmcbaitboat.be\/#website","url":"https:\/\/cmcbaitboat.be\/","name":"CMC Bait Boat","description":"","publisher":{"@id":"https:\/\/cmcbaitboat.be\/#organization"},"potentialAction":[{"@type":"SearchAction","target":{"@type":"EntryPoint","urlTemplate":"https:\/\/cmcbaitboat.be\/?s={search_term_string}"},"query-input":{"@type":"PropertyValueSpecification","valueRequired":true,"valueName":"search_term_string"}}],"inLanguage":"fr-FR"},{"@type":"Organization","@id":"https:\/\/cmcbaitboat.be\/#organization","name":"CMC Bait Boat","url":"https:\/\/cmcbaitboat.be\/","logo":{"@type":"ImageObject","inLanguage":"fr-FR","@id":"https:\/\/cmcbaitboat.be\/#\/schema\/logo\/image\/","url":"https:\/\/cmcbaitboat.be\/wp-content\/uploads\/2022\/02\/logon.jpg","contentUrl":"https:\/\/cmcbaitboat.be\/wp-content\/uploads\/2022\/02\/logon.jpg","width":1315,"height":1144,"caption":"CMC Bait Boat"},"image":{"@id":"https:\/\/cmcbaitboat.be\/#\/schema\/logo\/image\/"},"sameAs":["https:\/\/www.facebook.com\/cmc.cmcbaitboat.9"]}]}},"jetpack_sharing_enabled":true,"_links":{"self":[{"href":"https:\/\/cmcbaitboat.be\/index.php?rest_route=\/wp\/v2\/product\/694","targetHints":{"allow":["GET"]}}],"collection":[{"href":"https:\/\/cmcbaitboat.be\/index.php?rest_route=\/wp\/v2\/product"}],"about":[{"href":"https:\/\/cmcbaitboat.be\/index.php?rest_route=\/wp\/v2\/types\/product"}],"replies":[{"embeddable":true,"href":"https:\/\/cmcbaitboat.be\/index.php?rest_route=%2Fwp%2Fv2%2Fcomments&post=694"}],"wp:featuredmedia":[{"embeddable":true,"href":"https:\/\/cmcbaitboat.be\/index.php?rest_route=\/wp\/v2\/media\/695"}],"wp:attachment":[{"href":"https:\/\/cmcbaitboat.be\/index.php?rest_route=%2Fwp%2Fv2%2Fmedia&parent=694"}],"wp:term":[{"taxonomy":"product_brand","embeddable":true,"href":"https:\/\/cmcbaitboat.be\/index.php?rest_route=%2Fwp%2Fv2%2Fproduct_brand&post=694"},{"taxonomy":"product_cat","embeddable":true,"href":"https:\/\/cmcbaitboat.be\/index.php?rest_route=%2Fwp%2Fv2%2Fproduct_cat&post=694"},{"taxonomy":"product_tag","embeddable":true,"href":"https:\/\/cmcbaitboat.be\/index.php?rest_route=%2Fwp%2Fv2%2Fproduct_tag&post=694"}],"curies":[{"name":"wp","href":"https:\/\/api.w.org\/{rel}","templated":true}]}}